base 8.
-5317420
-3317 (base 11) to base 14
-1846
Convert 41620100 (base 7) to base 5.
1400030024
11122221111220 (base 3) to base 16
25d37f
What is 146b4 (base 13) in base 12?
1a352
Convert 217437 (base 8) to base 15.
16ba3
112102000010 (base 4) to base 14
ac0872
What is -1100100111101001100111 (base 2) in base 9?
-6201815
1400033 (base 6) to base 3
10221200210
-1a8060 (base 12) to base 2
-1110010110001001000
142447 (base 10) to base 16
22c6f
What is -1110122020 (base 3) in base 10?
-28896
What is 30324141 (base 7) in base 14?
49b058
-92225 (base 10) to base 8
-264101
What is 11111010000011101000110 (base 2) in base 16?
7d0746
What is -15650555 (base 8) in base 4?
-31311011231
What is 96b1ac (base 15) in base 4?
123113313111
What is -2075554 (base 8) in base 10?
-555884
aa655 (base 12) to base 11
144523
Convert 122300301 (base 4) to base 3.
12120100220
7537b (base 14) to base 16
452c1
What is 203133023 (base 5) in base 13?
232505
What is -2babac (base 15) in base 3?
-10222022010200
What is -61127c (base 14) in base 8?
-14357776
What is -5213151 (base 6) in base 16?
-3d3db
What is 2926084 (base 12) in base 10?
8263396
What is 130121230 (base 4) in base 8?
343154
-188344 (base 9) to base 12
-58104
-4054041 (base 8) to base 14
-1dc4db
What is -4552468 (base 10) in base 9?
-8507727
What is -22211112002202 (base 3) in base 15?
-62b0de
-754491 (base 14) to base 2
-1111001000111011011111
-2425362 (base 9) to base 14
-263904
4024415 (base 6) to base 14
4d483
What is -1340311 (base 7) in base 5?
-21142304
-219503 (base 11) to base 3
-122202012011
Convert -20001123 (base 4) to base 9.
-50060
What is -434502 (base 7) in base 11?
-52157
10202230 (base 10) to base 12
350009a
What is -251825 (base 11) in base 16?
-61141
Convert -223332313 (base 4) to base 3.
-100011010021
What is -32413133 (base 5) in base 12?
-115680
Convert -145150 (base 10) to base 16.
-236fe
What is 4b719 (base 12) in base 5?
11243411
What is 603b22 (base 14) in base 7?
36342242
What is -12025544 (base 8) in base 10?
-2632548
3c317d (base 15) to base 2
1011000011000011011101
Convert 2344002 (base 6) to base 7.
1020461
What is -101120011200111 (base 3) in base 5?
-2414104240
-1479066 (base 12) to base 10
-4142094
What is -1100111110110111011011 (base 2) in base 5?
-1332400402
Convert 98ff4 (base 16) to base 2.
10011000111111110100
What is 51344354 (base 6) in base 4?
11220110032
309615 (base 12) to base 2
10111010010000110001
Convert 51063105 (base 7) to base 14.
7c9205
Convert -1a2804 (base 11) to base 14.
-81531
-4512303 (base 7) to base 15
-b0463
Convert 3c357 (base 16) to base 2.
111100001101010111
18915c (base 13) to base 12
25a820
What is -69610 (base 11) in base 2?
-11000100011010010
What is 150130443 (base 6) in base 3?
12211001020100
Convert 11010101011110011100100 (base 2) to base 13.
15abc72
Convert 11010110101100100000 (base 2) to base 10.
879392
-78387 (base 11) to base 14
-2d57b
-54356503 (base 8) to base 3
-210221012201210
Convert 426704 (base 9) to base 3.
110220210011
Convert -617304 (base 10) to base 12.
-2592a0
What is 22328a (base 16) in base 6?
120011430
Convert -1110100010111 (base 2) to base 11.
-5660
Convert 102140034 (base 5) to base 9.
721401
Convert 2001341 (base 5) to base 11.
21710
What is 1e4d3d (base 15) in base 12?
5b7194
-1211211200102 (base 3) to base 11
-610050
1001111101001100001010 (base 2) to base 14
4bd1d8
Convert -62073171 (base 8) to base 11.
-7463469
Convert -386699b (base 12) to base 11.
-62911a8
Convert b7b6 (base 15) to base 16.
97d7
-3750619 (base 10) to base 2
-1110010011101011011011
What is 23210011 (base 4) in base 9?
71867
63871 (base 13) to base 9
303074
What is 3351bb (base 12) in base 7?
6643523
31032120 (base 4) to base 8
151630
What is -33214200 (base 5) in base 10?
-288675
4113114 (base 7) to base 4
1313312031
-a092c (base 14) to base 10
-385964
What is -d1d459 (base 16) in base 14?
-1b7d61b
-3413200 (base 5) to base 16
-ec09
Convert 1141414003 (base 5) to base 3.
12001102211002
Convert 20030101123 (base 4) to base 12.
876877
-3222202 (base 7) to base 16
-5fbd5
-423673 (base 13) to base 6
-53115521
What is 2a0117 (base 13) in base 3?
1221020200100
Convert -263205 (base 8) to base 15.
-1c2db
10100111111000101000011 (base 2) to base 9
11314261
-11111100110010 (base 2) to base 9
-24165
Convert -764187 (base 10) to base 12.
-30a2a3
What is -20215524 (base 6) in base 16?
-8d1cc
Convert 432021244 (base 5) to base 3.
10102221201000
-111a560 (base 13) to base 14
-9a9164
What is -1ae62 (base 15) in base 13?
-30b5a
Convert 30063066 (base 8) to base 14.
ba64aa
1201120212211 (base 3) to base 14
19c27a
What is 526234 (base 7) in base 11?
62424
1666021 (base 7) to base 11
15059a
Convert -1022021011020 (base 3) to base 13.
-1b3c30
What is -46372 (base 10) in base 2?
-1011010100100100
Convert 11200321111 (base 4) to base 7.
15200113
What is 444312120 (base 5) in base 11?
1110444
What is 10101010010010011101 (base 2) in base 6?
22541101
-16206516 (base 7) to base 4
-11332022313
-3a870 (base 14) to base 5
-14104404
What is 76413 (base 10) in base 13?
28a1c
What is -102a0 (base 11) in base 15?
-4698
What is -61950 (base 12) in base 6?
-2422140
Convert -310200003 (base 4) to base 7.
-1553643
Convert -413656 (base 8) to base 3.
-20222010001
What is 77b28 (base 12) in base 13?
57404
What is -1618ab (base 16) in base 11?
-8a9a91
Convert -28615a (base 11) to base 13.
-128847
29141 (base 12) to base 2
1101111110000001
Convert -561034 (base 7) to base 15.
-1e424
What is 7803357 (base 10) in base 8?
35610735
-9a40ba (base 12) to base 8
-11270616
Convert 1163cf (base 16) to base 4.
10112033033
Convert -2012001111 (base 3) to base 7.
-236341
What is 92846 (base 10) in base 9?
151322
What is -23200031001 (base 4) in base 3?
-12200012110210
320120112 (base 4) to base 9
381703
Convert 1010010010000001100 (base 2) to base 5.
41240113
What is -4777804 (base 9) in base 16?
-278845
What is 472305 (base 14) in base 10?
2426289
What is -26554562 (base 9) in base 10?
-13086011
What is -10665454 (base 7) in base 4?
-3211223011
-2da982 (base 14) to base 16
-187b16
What is 254432 (base 6) in base 13?
a65b
What is 6411315 (base 7) in base 8?
2753531
a1793 (base 11) to base 9
245861
What is -1256431 (base 8) in base 7?
-2662551
Convert 3161772 (base 8) to base 14.
17dc26
Convert 1300122021 (base 4) to base 8.
1603211
591578 (base 11) to base 14
1a6309
4516405 (base 7) to base 12
22b7b7
What is -1883576 (base 11) in base 14?
-5cb77c
What is 89a56 (base 11) in base 5?
13133003
Convert -13214020 (base 5) to base 16.
-20521
Convert -3523482 (base 9) to base 6.
-104500415
-12386643 (base 9) to base 7
-102453033
What is 2a0a856 (base 11) in base 9?
10646110
What is -376852 (base 15) in base 5?
-1134422002
Convert 251432 (base 8) to base 9.
142065
Convert -7a53027 (base 11) to base 10.
-14088664
725164 (base 9) to base 13
120ab1
What is 62123433 (base 7) in base 2?
10011110101011000110110
Convert 129854 (base 11) to base 7.
1504553
What is -1115453 (base 6) in base 11?
-398a5
What is 2b3573 (base 15) in base 10?
2086983
15228 (base 14) to base 2
1100110101010100
1133001331 (base 4) to base 3
201202221111
What is 25552745 (base 8) in base 6?
321550313
-188261 (base 9) to base 8
-345522
What is -23336306 (base 7) in base 8?
-7667134
554b8 (base 13) to base 2
100101101111111001
-10000010010001011011000 (base 2) to base 13
-b65cc2
Convert 240b12 (base 12) to base 11.
368469
What is -217a7 (base 12) in base 7?
-243154
What is 431411 (base 5) in base 7?
60404
-24236 (base 8) to base 7
-42213
What is -11692b7 (base 15) in base 4?
-233220002023
59667 (base 10) to base 11
40913
What is -2cb03c (base 15) in base 8?
-10201350
6c85ef (base 16) to base 14
d31c87
What is -c52 (base 13) in base 7?
-6052
-1313021 (base 6) to base 3
-10122200111
Convert -217645 (base 9) to base 8.
-376361
What is 228860 (base 14) in base 2?
100011111001000010100
Convert -79693 (base 11) to base 3.
-12212011011
11503111 (base 6) to base 13
ca885
Convert 57204 (base 11) to base 7.
463210
53504534 (base 6) to base 8
6015112
What is -59268 (base 15) in base 7?
-2262062
-3d717c (base 16) to base 13
-aacabb
Convert 2122410403 (base 5) to base 16.
44a0c3
-332609 (base 14) to base 11
-a85910
What is -12003530 (base 6) 